1 - (1 + -3) - (-2 - -8)
-5
What is 13 - 9 - -2 - 6?
0
Evaluate -5 - (10 + -4 - (1 + 7)).
-3
-4 + -9 + 20 + -10
-3
-1 + 6 + (0 - (6 - 1))
0
Evaluate 1 + (1 + -2 - -1) - -1.
2
7 + -1 - (3 + -2)
5
5 - (-4 + (-2 - -9))
2
What is 2 + -1 - ((6 - 4) + -2)?
1
Evaluate -1 + -3 - (21 - (27 - 7)).
-5
Evaluate (1 - 1 - (-10 + 3)) + -4.
3
-4 + -6 + -2 + 12
0
What is the value of (2 - -4) + -1 - (23 + -19)?
1
What is the value of 9 + (-10 - -5) + (-6 - 1)?
-3
Evaluate -4 + 2 + (3 - 0) + 4.
5
What is the value of 7 + -9 - -8 - 8?
-2
What is (-2 - 7) + -30 + 43?
4
What is the value of -7 + (-7 - -5 - -4)?
-5
79 + -74 - (2 + 0 + 1)
2
4 - 1 - (8 - (8 - 4))
-1
What is 1 - (-3 - -1) - (-7 + 15)?
-5
Calculate -14 + -15 + 19 - (-7 + 0).
-3
-2 - -13 - (-11 + 21)
1
What is the value of 3 - 5 - -6 - (9 - 2)?
-3
Evaluate 3 + -1 + (6 - 4).
4
What is 0 + -4 - (-20 - -14)?
2
Calculate (-3 - 1) + 26 + -13.
9
Evaluate (-8 - (-5 - 0)) + 0.
-3
Evaluate 4 + (-10 - (-4 - -4)).
-6
What is 4 + 7 + (-4 - 1)?
6
Calculate 8 + 0 + 3 + -2.
9
Calculate (5 - -2 - 14) + -1.
-8
What is the value of 7 + (-12 - -4) + (-5 - 2)?
-8
Calculate -10 - (-6 + -1 + -2).
-1
What is 9 + (-9 - -5) + -5 + -4?
-4
-1 - (0 + 1 + -5)
3
Calculate (8 - 9) + (-2 - 2).
-5
Calculate (0 - 6 - (11 + -12)) + 2.
-3
Evaluate -11 - 4 - (3 + -11).
-7
Evaluate -2 + (1 - -1) + -2 + -2.
-4
What is -2 + (1 - -12 - 7)?
4
2 + 1 + (-5 + 0 - -3)
1
Evaluate (17 - 38 - -21) + 9 + -1.
8
What is the value of -1 - 0 - (2 - 19 - -23)?
-7
4 + -2 + -6 + (2 - -1)
-1
What is 61 + -51 - (2 - (3 - 6))?
5
Calculate (-5 - 2) + 5 + 1.
-1
Evaluate -1 - (2 - 0) - (-272 - -264).
5
What is the value of -11 - (12 + (-7 - 10))?
-6
Evaluate (-6 - (4 + -7)) + (4 - 0).
1
What is the value of 4 + (-4 - (2 - (-4 + 2)))?
-4
What is -1 + (-4 - -3 - 0 - -1)?
-1
What is -5 + (3 + 0 - 2)?
-4
What is 2 - (-2 + -2 + 7)?
-1
What is the value of -3 - (-2 + (8 - 4))?
-5
What is the value of 2 + 0 + -1 - (-1 + 3)?
-1
What is -4 + (0 - -3) + (3 - 4)?
-2
Evaluate (1 - (3 + 3)) + 7.
2
What is the value of 0 + 3 + -4 + 4?
3
Evaluate 8 + -11 + (7 - 1).
3
What is 14 - (3 + 0) - (52 - 48)?
7
Evaluate (-2 + 3 - 6) + -1.
-6
(0 - 1) + -26 + 27
0
What is (-4 - -1) + 0 + 3 + -4?
-4
Evaluate -2 + 0 + (-6 - (-3 + -3)).
-2
What is 13 - 16 - 6 - -12?
3
6 + -3 - 2 - (5 - -1)
-5
Evaluate (0 - -6) + -14 + 10.
2
Evaluate 0 - 0 - (-27 - -32).
-5
28 - 8 - 8 - 6
6
(-5 - -6) + -4 + 2
-1
Evaluate -8 - -12 - 1 - (0 + -1).
4
7 + (6 - 6 - (10 - 13))
10
Calculate 0 + 0 + (1 - -1) + -1.
1
Calculate -1 + -1 - (-11 - (-10 + 5)).
4
Evaluate -6 - -6 - (0 - 4 - -4).
0
What is (7 - 9) + -2 - (-6 - 1)?
3
Evaluate (-8 - -12) + 2 + 1 + -1.
6
What is the value of (-1 + 1 - 7) + -87 + 89?
-5
What is 3 - (4 - (-2 - -4))?
1
4 - ((0 - -4) + -2)
2
What is the value of 6 - 0 - (16 - -5 - 19)?
4
Calculate -7 - (-7 + 2) - -8.
6
Evaluate 6 + (8 - 5 - 5).
4
Evaluate -8 - -1 - -14 - 12.
-5
Evaluate -10 + (9 - 1 - -10).
8
Calculate (3 + 2 - -18) + -12.
11
Calculate (-3 - -2 - 4) + 1 + -1.
-5
-8 - -8 - (1 + -1)
0
Evaluate 9 + -5 - (2 + -3).
5
Evaluate 6 - ((8 - 13) + 5).
6
What is the value of 4 + (6 - 3) + -9 + 0?
-2
Evaluate 3 + -3 + 1 + 2.
3
What is the value of (-3 - (1 - 6)) + (3 - 1)?
4
What is -6 - ((4 - 8) + -2 - -4)?
-4
(-4 - (-7 + 2)) + 3
4
Calculate (-24 - -19) + (4 - 3 - -9).
5
Calculate -10 - -8 - (0 + -5) - -2.
5
What is the value of 15 + -21 - ((2 - 1) + -3)?
-4
Calculate -3 + 4 + (-10 - -11).
2
Calculate (-7 - -6) + 0 - -9.
8
Evaluate (1 - (3 - (0 + 3))) + -6.
-5
What is the value of (-7 - -3) + -16 + 16?
-4
What is the value of (3 - (1 + 5)) + (0 - -5)?
2
Evaluate (-5 - -9) + (-10 - -14 - -2).
10
What is 92 + -100 + (1 - -9)?
2
What is the value of 6 - (5 + 6) - -3?
-2
Evaluate -7 - (-22 - -16 - (0 - 2)).
-3
What is the value of 5 - ((-1 - 0) + -2 + 6)?
2
Evaluate -1 - (-3 + -3 + 2).
3
Calculate -6 + 2 + (14 - 3).
7
Calculate 2 + (-6 - (-3 + 4 + -3)).
-2
Evaluate (1 - 1) + -21 + 22.
1
Calculate 0 - 0 - (5 - (4 - -1)).
0
What is 3 + 0 + 1 + 14 + -23?
-5
Calculate -4 + -4 - (-5 - 10).
7
Evaluate -2 + -1 - (-5 - 1).
3
What is (1 - -5) + -5 - 6 - 1?
-6
Evaluate -3 - 0 - (4 - (0 - -6)).
-1
Evaluate -5 + 3 - ((1 - 1) + -7).
5
Calculate 0 + (7 - 2) - 9.
-4
What is (8 - (-1 - -3)) + -4?
2
Calculate -7 + 6 - -3 - 6.
-4
Evaluate 6 + -1 + 0 + 0.
5
11 - (10 + (-13 - (-13 - -8)))
9
Calculate 9 + (-2 - 2) + -1.
4
What is 1 - (-7 - (-2 + -3 + 2))?
5
What is the value of (-4 - -3 - 4) + 8?
3
-6 - -8 - (-1 - (-3 + -2))
-2
-5 - -1 - (58 + -61)
-1
What is the value of 0 - (0 + 9 + -8)?
-1
(0 - 5) + (18 - 18)
-5
What is -5 + 1 + 5 + 1?
2
Calculate -8 - (-21 + (6 - -3)).
4
-1 + 6 - (-22 - -28)
-1
What is the value of 0 - -2 - (5 - 7)?
4
Calculate -5 + 14 - 6 - -2.
5
Calculate -1 + -3 + (-5 + 9 - 5).
-5
What is the value of -8 - (3 + -5 + (8 - 7))?
-7
Evaluate 6 + -3 - 2 - 0.
1
What is the value of -6 - (3 - (0 + 4))?
-5
What is -7 - 0 - (-32 + (10 - -9))?
6
-5 + -5 + 6 + 0
-4
(0 - -1) + -5 + 3
-1
What is the value of 4 - 8 - -13 - 5?
4
What is the value of (-3 - -2) + (-6 - 0) + 4?
-3
What is the value of 2 - -5 - (-10 + 13) - 7?
-3
Calculate 2 + 0 - -2 - (1 - -1).
2
Evaluate (7 - -2) + 5 - 7.
7
Evaluate 2 + (-2 - (4 + -4)).
0
What is the value of (35 - 39) + -4 + 1?
-7
0 + -4 - (-1 + -4)
1
What is the value of 1 + 3 + (-1 - 1) - -1?
3
Evaluate (-1 - 0 - -7) + -5.
1
(-6 - (-13 + 9)) + -2 + 1
-3
What is the value of (12 + -8 - 4) + 5?
5
Calculate -1 + (-3 - (-6 - -3)).
-1
What is the value of 0 + (4 - 0) - (0 - -2)?
2
Calculate (-5 + 1 - -9) + (-6 - 3).
-4
Calculate (15 - 7) + -18 + 7.
-3
What is the value of -2 + 9 - ((-22 - -10) + 10)?
9
Evaluate 1 + (2 - -1) - (2 + 1).
1
2 + 2 + 0 + 1 + 0
5
Calculate -3 + (4 - 2) - -4.
3
What is the value of 6 + -6 + -2 + 8 + -3?
3
What is the value of 6 - (-1 - (-5 + 3) - 1)?
6
Calculate -5 - -1 - -1 - -2.
-1
(2 - 0) + 3 + -1
4
What is -4 + 0 - (-31 - -22)?
5
Calculate -4 - (2 + 0 - 1).
-5
Calculate (-7 - (-6 + 0 - 2)) + -7.
-6
What is (0 - -3) + 6 + -13?
-4
What is the value of -3 + 2 - -7 - (-2 - -6)?
2
-2 + 4 + -3 + (7 - 13)
-7
2 + -6 + (-2 + -10 - -12)
-4
Calculate 7 + -2 + 1 + 2 + -3.
5
Calculate 0 + -3 - (7 - 15).
5
What is the value of (0 - 4) + (-1 - -5)?
0
Evaluate 0 + -4 + 0 - -7.
3
Evaluate 1 + (-3 + 1 - (-32 + 27)).
4
Evaluate (-1 - -7 - 1) + -2.
3
What is (2 - 2) + (4 - 1)?
3
(45 - 39) + (-6 - -1)
1
-16 + (3 - -6) - (0 - 6)
-1
What is the value of 5 + 1 + -3 - -5?
8
-2 + (9 - -1) + (0 - 4)
4
What is the value of -33 + 27 + 2 + (-2 - -1)?
-5
Calculate -1 + -1 - (1 + -4).
1
Calculate -1 + (-12 - -9) - -10.
6
Calculate 23 - 4 - (48 + -39).
10
What is -3 + -5 + 1 + 6?
-1
Calculate -9 + 4 + -3 + 0.
-8
-1 - (-5 + 2 - -4)
-2
Evaluate -2 + (-2 - -1) + (-13 - -16).
0
What is (1 - 0) + -4 + 4?
1
What is -5 + 4 + 16 + -9?
6
What is the value of -3 + -1 + (6 - 4)?
-2
Evaluate 1 - (0 - 1) - -1.
3
0 - 1 - (77 + -70)
-8
What is the value of 4 + -8 + (7 - -2) + -11?
-6
(1 - (-5 + 12)) + -1
-7
Calculate -1 - (-4 - (-3 - (-3 + -7))).
10
What is 4 - (-3 + 0 + 5)?
2
2 + -1 + -1 + 1
1
What is the value of -4 - (5 - (-1 + 6))?
-4
What is the value of -4 + 1 + -3 + 8?
2
What is the value of (-9 - 2) + (3 - -4)?
-4
Evaluate -1 + (8 + 0 - (-8 + 7)).
8
What is (-5 - (0 - 3)) + -3?
-5
Evaluate 0 + -1 + 11 + -6 + -5.
-1
Calculate -4 + -1 + (10 - 10).
-5
Evaluate 2 - -3 - (10 - 7).
2
Evaluate -8 + (3 - 0 - 1).
-6
Evaluate 8 + (-5 + 2 - 2).
3
What is the value of -14 - (0 + -1) - (13 - 17)?
-9
Calculate 4 + -1 + 23 + -34 - -5.
-3
(-1 + 6 - 1) + 1 + 1
6
What is (4 - 6) + 10 + -4 + 1?
5
Calculate 8 + (11 - (14 + 3)).
2
Calculate 2 - 2 - (2 - 1) - 8.
-9
12 + -4 + -1 + -13
-6
Evaluate 1 - 5 - (-3 - 5).
4
What is (-6 - (3 - 8)) + -1 + 0?
-2
Evaluate -5 + -3 + (0 - 2) + 5.
-5
What is the value of 11 - 5 - (11 + -3)?
-2
Calculate (2 - -3) + -7 + (-1 - -11).
8
-1 + -1 - (10 - 16) - 2
2
What is the value of -7 - (-2 + 1) - -3?
-3
(1 - -3) + 1 + -2
3
(-5 - -22) + -17 + 8
8
3 + -2 + -8 - (0 - -1)
-8
Calculate (-11 - -21) + -13 + 1.
-2
What is 4 - (0 + -2 + 0 + 0)?
6
15 + -20 + 2 + 1
-2
Evaluate -2 + 0 + (-1 - -3) - -1.
1
(-119 - -122) + -3 + -2
-2
What is -4 + 0 - (-4 - 1) - 4?
-3
Evaluate -5 + 1 + 5 + -3 + 1.
-1
4 - (4 + -4 - 3 - -3)
4
What is the value of -1 + 5 + -1 + -2 - 6?
-5
What is the value of 3